 + 5. Suppose -1 = 3*x - u - 27, -3*x + 2*u + 22 = w. What is the greatest common divisor of c and x?
10
Let j be ((-14)/6 + (-2)/3)*-23. Let n(s) = 3*s**2 + 10*s - 76. Let g be n(6). Calculate the highest common divisor of j and g.
23
Suppose 0 = x - 3*c - 0*c - 33, -5*c + 33 = x. Suppose 8*k + 437 + 3523 = 48*k. Calculate the highest common factor of k and x.
33
Suppose 26779 + 80581 = 47*g + 258*g. What is the greatest common divisor of 1210 and g?
22
Suppose -17*d + 430 = -607. Calculate the highest common factor of d and 2.
1
Let r be (-1413)/(-36)*(2/4 + 98/28). What is the highest common divisor of r and 15229?
157
Let f = 377 - 376. Let a be (5/75*-5)/(f/(-903)). Calculate the highest common divisor of a and 43.
43
Let q = 280 - 224. Suppose -52 = -3*v - v + o, 4*o = 16. Calculate the greatest common divisor of q and v.
14
Let b(w) = 97*w**3 - 3*w + 2. Let o be b(1). Suppose s - 12 = o. Calculate the highest common factor of s and 90.
18
Let y be 208/20 - 4/10. Suppose -2*m = 3*m - 0*m. Let t(w) = w**3 + 2*w + 110. Let g be t(m). What is the highest common divisor of g and y?
10
Suppose -31*w - 7*w = -912. Let j(g) = -2*g - 6. Let u be j(-9). What is the greatest common divisor of u and w?
12
Suppose -3*b - 132 = -i - 6*b, -3*b - 9 = 0. Let r be -21*(-12)/42 + 41. What is the greatest common divisor of i and r?
47
Let f = 130 - 128. Suppose f*w = -0*w. Let s = 15 - w. What is the greatest common divisor of 10 and s?
5
Let y = 238 + -222. Suppose 24*a - y = 22*a. Calculate the highest common factor of a and 424.
8
Let p = -117 - -229. Suppose -5*m = -73 + 3. What is the highest common divisor of p and m?
14
Let f = 1472 + -1395. What is the highest common divisor of f and 6237?
77
Suppose 0 = -5*o + 25, -2*c - 2*o - 578 = -5*c. Calculate the greatest common divisor of 84 and c.
28
Let q(o) = -18*o - 6. Let g be q(-2). Let l be ((-5)/(-2))/(7 - g/4). Let s be l/50*-156 + (-2)/(-5). Calculate the highest common factor of 64 and s.
16
Suppose -392 + 2292 = 5*k. Suppose 0 = 7*f - 2*f - 100. What is the highest common divisor of k and f?
20
Suppose 1968 = 77*j - 53*j. Calculate the greatest common divisor of j and 779.
41
Let s be 9198 + 1 + (-36)/(-48)*(-4)/3. Calculate the greatest common factor of 63 and s.
63
Let n be (5/(-15))/(3/63). Let k = 67 + n. Let h be (-1)/((6/(-8))/(k/5)). What is the highest common divisor of h and 1?
1
Let s = -3955 - -5330. What is the greatest common divisor of 11 and s?
11
Let l(c) = -48*c**2 - 6*c + 12. Let n be l(-6). Let v be n/(-76) - (-4)/(-38). What is the greatest common factor of 4 and v?
2
Let t = 1749 - -376. What is the highest common factor of t and 17?
17
Suppose 2955 = 77*x + 2161 - 5674. Let y(u) = 41*u**2 - u + 1. Let w be y(1). Let j = w + -5. Calculate the greatest common factor of x and j.
12
Let r(a) = 4*a - 79. Let w be r(20). Let c be (-119 - -23) + 2*w. Let i = -74 - c. What is the highest common divisor of 15 and i?
5
Let o(f) = 4*f + 17. Let x(q) = -3*q - 18. Let m(d) = -4*o(d) - 6*x(d). Let y be m(22). What is the highest common divisor of y and 21?
21
Let v(k) = -k**3 - 27*k**2 - 18*k - 79. Let o be v(-25). Let z = -870 - o. Calculate the highest common divisor of z and 15.
3
Let v(a) = 33*a**2 - 64 - 242 + 23*a - 32*a**2. Let q be v(10). What is the greatest common divisor of q and 152?
8
Let p(w) = 18*w. Let m be p(29). Suppose 3*c - m = -18. Let s(l) = -l**2 + l + 42. Let o be s(0). Calculate the highest common factor of o and c.
42
Let t = -15953 + 16083. Let m = 10 - -3. What is the greatest common factor of m and t?
13
Let t be 471/1 + 3*(-24)/18. Suppose 1 = l, -3*i + 2*i = -2*l - t. Calculate the greatest common divisor of 67 and i.
67
Let j = -256 - -351. Let t be (-2 + (-20)/(-8))*10. Calculate the highest common divisor of t and j.
5
Let x = 42935 - 24672. Calculate the highest common divisor of 7 and x.
7
Let i(q) = 59*q + 10. Let p be i(-2). Let g = p + 109. Calculate the highest common divisor of g and 32.
1
Suppose -12 = 3*b, -2*s = -4*b + 8*b - 5646. Calculate the highest common factor of s and 19.
19
Let s(z) = -z**3 + 32*z**2 + 30*z + 103. Let v be s(33). Suppose 0 = v*p - 2*p - 2, -3*a + 101 = 2*p. What is the highest common divisor of a and 11?
11
Let n(l) = l**2 - 11*l + 9. Suppose 0 = -3*r - r - 36. Let o be n(r). Suppose b - 35 = 2*u - 22, -21 = -3*u. Calculate the highest common divisor of o and b.
27
Let h be (-3)/(-18) - 11/(-6). Let v = h + 22. Suppose 0*g = -4*g + 24. What is the greatest common factor of g and v?
6
Suppose 3*r + 5*z + 6 = 0, r + 0*r = -4*z - 9. Suppose 0 = r*g - 358 - 14. Calculate the greatest common divisor of g and 31.
31
Let c(s) = 3*s**2 + 22*s - 216. Let i be c(7). Calculate the greatest common divisor of 663 and i.
17
Let f = -14 + 27. Let n be (12 - 5)/7 - -1*12. Let j be (-1 + 0)/((-2)/2)*n. What is the greatest common factor of j and f?
13
Suppose 0 = -5*g - 3*h + 9265, 50*g - 55*g + 9265 = -2*h. What is the greatest common divisor of g and 85?
17
Suppose 4*l = 3*s - 186, -l - 46 = -s + 16. Calculate the greatest common divisor of 10 and s.
2
Suppose 0 = -2*i - 186 - 230. Let u = i - -234. Calculate the highest common divisor of u and 39.
13
Let f(a) = 4*a**2 - 65*a + 139. Let z be f(22). What is the greatest common factor of 45 and z?
15
Let d(w) = 19*w**2 + 27*w - 32. Let c be d(2). Calculate the highest common divisor of 6272 and c.
98
Let j(q) = q**2 - 10*q + 12. Let k = -79 + 93. Suppose 0 = 22*p - k*p - 80. Let i be j(p). What is the greatest common factor of i and 18?
6
Suppose -5*w = 3*i - 18230, -5*i + 2961 = w - 663. What is the greatest common factor of w and 123?
41
Let n(t) = 6*t**2 + 100*t - 1900. Let s be n(48). Calculate the greatest common factor of 148 and s.
148
Suppose 23*v - 29*v + 90 = 0. Suppose 5*i - 4*a - 13 = v, -19 = -2*i - a. Calculate the greatest common divisor of i and 104.
8
Suppose 3*z = -t + 119, 3*z = -5*t + 49 + 78. Let a = -89 - -154. What is the highest common divisor of a and z?
13
Let g(z) = 4*z**3 + 10*z**2 + 5*z + 9. Let u be g(5). Suppose 0 = -3*q - 4*q + u. Calculate the highest common divisor of 42 and q.
14
Let c be (7/14)/((-2)/4). Let n be 70 - ((-3)/c - (6 + -4)). What is the highest common factor of n and 552?
69
Let l = -2375 + 2444. Suppose 5*v - 720 = 4*v. Let r be (-2)/(-4) - v/(-32). Calculate the highest common factor of r and l.
23
Suppose 0 = -2*y - 8, 5*l + 4*y = l + 8. Suppose 11*z - 5*z = l. Let b = z + 11. What is the highest common divisor of b and 36?
12
Let d = -197 - -296. Let a be (2 + 7/(-2))*(-104 + -20). Let i = a + -177. What is the greatest common factor of i and d?
9
Let o(y) = -2*y**3 - 33*y**2 + 13*y - 28. Let b = -299 - -282. Let x be o(b). Calculate the highest common divisor of 24 and x.
8
Let q be 2/(-8) - 89/(-4) - (-180 - -173). Suppose -5*b + 15 = -0*b, 4*b = a - 17. What is the greatest common factor of q and a?
29
Let r be ((-9)/(-12))/(3/12). Suppose r*t = o - 77 - 48, 0 = -5*t - 2*o - 190. Let b be 8/t - (3 + (-182)/10). What is the highest common divisor of b and 45?
15
Let m = 11171 + -5276. Suppose 0 = -29*f + m + 1500. What is the greatest common divisor of 30 and f?
15
Suppose -2*z + 932 = 594. What is the greatest common divisor of z and 702?
13
Let q = 352 - -418. Suppose 60*o - 50*o = q. Calculate the highest common divisor of o and 44.
11
Suppose -48 = 2*y - 10*y. Suppose 2016 = y*p + 10*p. Calculate the highest common factor of p and 14.
14
Let q(o) = -o**2 + 78*o + 1105. Let y be q(90). Calculate the greatest common factor of 8175 and y.
25
Let o(y) = 3*y**3 - 6*y**2 - 4*y + 2. Let n be 20/(-16)*8/6*-6. Suppose n*c - c - 27 = 0. Let m be o(c). Calculate the highest common divisor of 1 and m.
1
Suppose -k + 2 = -2, 0 = 4*x - 2*k - 172. Let c = -45 + x. Let j be c/(-2) - -14 - (-2)/(-2). What is the highest common factor of 104 and j?
13
Suppose 54 = 2*y + y. Suppose 32 = 5*x - y. Calculate the greatest common divisor of 40 and x.
10
Let w(f) = f**3 - 3*f**2 - 16*f - 7. Let j be w(6). Suppose 0 = p - j*h - 38, -4*p - 13 + 211 = 3*h. What is the greatest common divisor of p and 112?
16
Let p = -339 - -341. Calculate the greatest common divisor of 1 and p.
1
Let y be (-1)/(-4*2 - 16737/(-2093)). What is the highest common diviso